t a be 4 - (-20)/(-6) - 25/(-3). What is the greatest common divisor of a and 63?
9
Suppose 0 = 5*p + 11*p - 320. What is the highest common factor of 60 and p?
20
Let h(q) = q**2 + 4*q + 4. Let k be h(-4). Suppose -2*y = 2*y + k*t - 24, 0 = 2*y - t - 9. Suppose y*o + 17 = 87. What is the highest common factor of o and 28?
14
Let a = 82 + -58. What is the greatest common divisor of a and 8?
8
Let w = 12 + -8. Suppose 3*u - 9 = -w*i, -4*i + 2*u + 0*u + 14 = 0. Let g(l) = -l**3 + 5*l**2 + 5. Let d be g(4). What is the highest common factor of d and i?
3
Let u = -5 + 52. Suppose 3*f - 25 = u. Calculate the highest common divisor of 6 and f.
6
Let i(y) = -y**3 + 4*y**2 - y + 4. Let a be i(4). Suppose -4*h - 5*r = -0*h - 591, 3*h - 3*r - 477 = a. What is the greatest common divisor of 14 and h?
14
Suppose -35 - 25 = -b. Suppose -t - b = -6*t. Calculate the highest common factor of t and 3.
3
Let q(n) = n**3 - 12*n**2 + 3*n. Let m be q(12). What is the highest common factor of m and 12?
12
Let a be ((-27)/5)/(7/(-35)) - 0. Suppose -10 + 28 = g. Calculate the greatest common divisor of a and g.
9
Let r(j) = 93*j - 2. Let m be r(1). Calculate the greatest common factor of m and 13.
13
Let o be 2840/30 - 2/(-6). Calculate the highest common divisor of o and 19.
19
Let w be 1 + -1 + (25 - 1). Suppose 0*m + 4*m = 64. What is the highest common divisor of m and w?
8
Let w be 267/21 - 4/(-14). Calculate the highest common divisor of 13 and w.
13
Suppose 4*a - 4*m + 12 = 0, -4*a + 0*m - 8 = -3*m. Let r(q) = 11*q - 1 - 11*q + 33*q**2. Let n be r(a). Calculate the highest common divisor of 16 and n.
16
Let k(v) = -7*v - 16. Let a be k(-12). Let s be (-17)/2*(-5 - -3). Calculate the greatest common divisor of a and s.
17
Let k be -27 + 23 + 1/(2/162). What is the highest common divisor of 7 and k?
7
Suppose 3*m - 48 + 18 = 0. Suppose 4 = -f + u, -3*f - 17 = -5*u + 3. Suppose v - 4*v + 245 = -y, f = v + 5*y - 55. What is the highest common factor of m and v?
10
Suppose 11 = 2*y + 5*a, -3*y = -6*y - 2*a + 33. Suppose -11 = -3*x - 95. Let b be 999/7 + (-8)/x. Calculate the greatest common factor of y and b.
13
Suppose -3 + 9 = 3*s. Let i be 1*-3*(s + -5). Calculate the highest common divisor of 36 and i.
9
Let z = -19 + 10. Let p be 2/(-9) - 101/z. Suppose 5*h - 4 = p. What is the highest common factor of h and 1?
1
Let g(j) = j**3 - 15*j**2 + 14*j + 13. Let w be g(14). Calculate the greatest common divisor of 13 and w.
13
Suppose 0 = -5*x + 27 + 93. Calculate the highest common divisor of x and 216.
24
Let t(l) = l**2 + 6*l + 9. Let o be t(-7). Calculate the highest common factor of 4 and o.
4
Suppose 4*t = -3*j + 226, -108 = -2*t - 0*t - 4*j. Calculate the greatest common factor of t and 145.
29
Suppose 3*r + 36 = 5*r. Suppose -2*m + 60 = -r. Suppose 2*s + 100 + 98 = 4*j, -j - 3*s = -m. Calculate the greatest common factor of 6 and j.
6
Let m(j) = -j**3 - j**2 - j + 24. Let l be m(0). Let o be ((-3)/(-5))/((-6)/(-120)). Calculate the greatest common factor of o and l.
12
Suppose 50 - 14 = 4*p. Calculate the highest common factor of p and 90.
9
Let m(f) = f**2 - 2*f - 15. Let g be m(-12). Calculate the greatest common factor of g and 17.
17
Let u(a) = -a + 5. Let l be u(-18). Calculate the highest common factor of l and 161.
23
Let t be ((-2)/(-4) + -1)*-4. Suppose u - 2 = t. Let i = 2 + u. What is the greatest common factor of 42 and i?
6
Let m = -27 - -35. What is the highest common divisor of m and 16?
8
Suppose 0 = c + 3*i - 11, 2*i + 66 = 5*c + 6*i. Let u be (-14)/6*(-12)/2. Let l be 2/(1/u*4). Calculate the greatest common divisor of l and c.
7
Suppose 4*b - 10*x + 6*x = 560, 0 = 3*x. Calculate the highest common factor of 20 and b.
20
Let t(g) = 313*g + 1. Let n(m) = -627*m - 2. Let i(r) = 2*n(r) + 5*t(r). Let z be i(1). Let d be (z/10)/(3/10). Calculate the highest common factor of d and 13.
13
Let i = -182 + 89. Let s be (-1)/(-2) - i/6. What is the greatest common factor of s and 40?
8
Suppose 639 = 4*i - 241. What is the highest common factor of 20 and i?
20
Suppose -6*w + 91 + 53 = 0. What is the highest common factor of 6 and w?
6
Suppose -3*x + 230 = 2*x. What is the greatest common factor of 414 and x?
46
Let a = 16 + -10. Calculate the greatest common factor of a and 12.
6
Suppose 7*k + 2*d - 20 = 3*k, 3*k - 2*d - 15 = 0. Let a = -3 + k. Suppose -a + 9 = y. Calculate the greatest common factor of 28 and y.
7
Suppose -68 = -3*i - 20. Let q be (-2)/(-8) + 22/8. Suppose -5*t = -2*n - 0*n - 328, -t = q*n - 52. What is the highest common factor of i and t?
16
Suppose 45 = -0*p + 3*p. Suppose 56 = 2*j + 3*j - 3*m, -3*j + 5*m = -40. What is the highest common divisor of j and p?
5
Suppose -2*a + 4*u - 266 = -5*a, 0 = 2*a + 2*u - 178. Calculate the highest common divisor of a and 18.
18
Suppose 4 = -2*r + 22. Calculate the greatest common divisor of r and 99.
9
Let d = -161 - -239. What is the greatest common factor of d and 13?
13
Suppose -3 + 5 = -4*h - 5*z, -h = -5*z + 13. Let q = 11 + h. Calculate the greatest common factor of 88 and q.
8
Suppose 2*y + 3 + 1 = 2*l, -3*l + 2*y = -1. Suppose -9 = -5*s - 54. Let k = l - s. Calculate the highest common factor of k and 54.
6
Let g = 270 - 94. Calculate the highest common divisor of g and 16.
16
Suppose 0*m + 5*m - 60 = 0. Suppose 0 = -3*b - 3, b = 2*g - 3*b - m. Let d be 3/(9/(-12))*-2. Calculate the greatest common divisor of g and d.
4
Suppose 0 = h - 1 - 4. Suppose 2*c = -h*x + 1, 0*c + 4 = -2*c. Suppose -2*n = 2*r - 6*r - 26, -4*n + 34 = -2*r. Calculate the highest common factor of n and x.
1
Let g = -44 + 65. Suppose 0 = r + 2*y - 4, -y = 3*r + 2*y - 27. What is the highest common factor of g and r?
7
Suppose -18 = -4*t + 14. Suppose -2*r - 48 = -6*r - 3*q, -2*r - 4*q = -14. Let a = r + -7. What is the highest common factor of a and t?
8
Let d(y) = y**2 - y - 11. Let k be d(4). Calculate the greatest common divisor of k and 6.
1
Let x = 965 - 686. What is the highest common divisor of x and 31?
31
Let u be 65/4*(6 - 2). Let f = 3 + 0. Let p be 38/f - 5/(-15). Calculate the highest common factor of p and u.
13
Let s be (-5)/2 + 10/40*14. Let r = 29 - 20. What is the greatest common factor of s and r?
1
Let a(n) = n + 6. Let k be a(-5). Let b be 9*(6 + -2 - k). Calculate the greatest common divisor of 3 and b.
3
Let t(c) = -c**3 + 7*c**2 + 8*c + 3. Let s be t(8). What is the highest common divisor of s and 3?
3
Let c = 220 - 110. Let s = 25 + -14. What is the highest common divisor of c and s?
11
Let f = 1 - -5. Suppose -f*i - 15 = -i. Let r be i*(-2 + 276/(-9)). What is the highest common factor of 14 and r?
14
Suppose -3*d + 20 + 28 = 0. Calculate the highest common divisor of 64 and d.
16
Let w(x) = 3*x**3 - 4*x**3 - 2*x - 9*x**2 - 4 + 12*x**2. Let n be w(-3). Calculate the highest common divisor of 7 and n.
7
Let j = 60 + -44. Calculate the greatest common factor of j and 144.
16
Let s(u) = -u**3 - 7*u**2 + 10*u + 4. Let h be s(-9). Suppose -4*g + 0*g + h = 0. What is the highest common factor of 133 and g?
19
Let r = -23 + 36. Let n(x) be the second derivative of x**5/4 - x**4/6 - x**3/6 + 3*x**2/2 - 2*x. Let g be n(3). What is the highest common factor of g and r?
13
Suppose 4*q - 14 = -3*y, 4 = 2*q + 2*y - 4. Let v = -5 + q. Let u be -7*(v - (-22)/14). Calculate the greatest common factor of 2 and u.
2
Suppose -198 = -0*s - 2*s. Let g(a) = a**3 + 2*a**2 - a - 3. Let j be g(2). What is the highest common divisor of j and s?
11
Suppose -2*h + 39 = h. What is the highest common factor of 143 and h?
13
Let z be ((-4)/1)/((-92)/(-16) + -6). Calculate the greatest common divisor of z and 88.
8
Let s be (-10)/(-6) + (-2)/(-6). Suppose 0 = 3*c + 2*z - 65, 2*c - 5*z - 70 = -z. Suppose 5 = 5*o - c. Calculate the highest common divisor of s and o.
2
Let c be 6/(-30) + 22/10. Suppose 0 = 2*f + 2*n - 2, -24 = 5*n - 9. Suppose -f*u = -c*u - 22. Calculate the greatest common factor of u and 55.
11
Let q(m) be the second derivative of m**3/6 - m**2/2 - 3*m. Let s be q(3). Calculate the greatest common factor of s and 8.
2
Let k(r) = r + 1. Suppose -4*y = -y. Let b be k(y). Let s be b/(1*(-1)/(-27)). Calculate the highest common factor of s and 3.
3
Let n = 35 + -89. Let r be 28*(-3 + n/(-14)). What is the 